{"id":12,"date":"2025-04-15T16:49:04","date_gmt":"2025-04-15T16:49:04","guid":{"rendered":"https:\/\/royalmedic.purple-rabbit-69950.zap.cloud\/?page_id=12"},"modified":"2025-04-15T16:49:04","modified_gmt":"2025-04-15T16:49:04","slug":"chefarzt","status":"publish","type":"page","link":"https:\/\/royalmedic.purple-rabbit-69950.zap.cloud\/?page_id=12","title":{"rendered":"Chefarzt"},"content":{"rendered":"\n<p>auch <strong>Medical Director<\/strong><\/p>\n\n\n\n<p>Dieser ist der h\u00f6chste medizinische Rang im Rettungsdienst von Royal Ambulance\u2013 verantwortlich f\u00fcr Strategie, System, Personal &amp; Struktur<\/p>\n\n\n\n<p>Im <a href=\"https:\/\/royalmedic.purple-rabbit-69950.zap.cloud\/?page_id=30\">Funk<\/a>:<\/p>\n\n\n\n<ul class=\"wp-block-list\">\n<li>Condor 1 &#8211; Benannt nach einem Vogel wie alle h\u00f6chsten F\u00fchrungskr\u00e4fte der staatlichen Organisationen.<\/li>\n<\/ul>\n\n\n\n<p>Derzeitiger Chefarzt:<\/p>\n\n\n\n<ol class=\"wp-block-list\">\n<li><a href=\"https:\/\/royalmedic.purple-rabbit-69950.zap.cloud\/?page_id=27\">Chefarzt<\/a> <a href=\"https:\/\/royalmedic.purple-rabbit-69950.zap.cloud\/?page_id=11\">Prof. Dr. Jayjay Kaiser<\/a><\/li>\n<\/ol>\n\n\n\n<p><\/p>\n","protected":false},"excerpt":{"rendered":"<p>auch Medical Director Dieser ist der h\u00f6chste medizinische Rang im Rettungsdienst von Royal Ambulance\u2013 verantwortlich f\u00fcr Strategie, System, Personal &amp; Struktur Im Funk: Derzeitiger Chefarzt:<\/p>\n","protected":false},"author":1,"featured_media":0,"parent":0,"menu_order":0,"comment_status":"closed","ping_status":"closed","template":"","meta":{"footnotes":""},"class_list":["post-12","page","type-page","status-publish","hentry"],"_links":{"self":[{"href":"https:\/\/royalmedic.purple-rabbit-69950.zap.cloud\/index.php?rest_route=\/wp\/v2\/pages\/12","targetHints":{"allow":["GET"]}}],"collection":[{"href":"https:\/\/royalmedic.purple-rabbit-69950.zap.cloud\/index.php?rest_route=\/wp\/v2\/pages"}],"about":[{"href":"https:\/\/royalmedic.purple-rabbit-69950.zap.cloud\/index.php?rest_route=\/wp\/v2\/types\/page"}],"author":[{"embeddable":true,"href":"https:\/\/royalmedic.purple-rabbit-69950.zap.cloud\/index.php?rest_route=\/wp\/v2\/users\/1"}],"replies":[{"embeddable":true,"href":"https:\/\/royalmedic.purple-rabbit-69950.zap.cloud\/index.php?rest_route=%2Fwp%2Fv2%2Fcomments&post=12"}],"version-history":[{"count":1,"href":"https:\/\/royalmedic.purple-rabbit-69950.zap.cloud\/index.php?rest_route=\/wp\/v2\/pages\/12\/revisions"}],"predecessor-version":[{"id":88,"href":"https:\/\/royalmedic.purple-rabbit-69950.zap.cloud\/index.php?rest_route=\/wp\/v2\/pages\/12\/revisions\/88"}],"wp:attachment":[{"href":"https:\/\/royalmedic.purple-rabbit-69950.zap.cloud\/index.php?rest_route=%2Fwp%2Fv2%2Fmedia&parent=12"}],"curies":[{"name":"wp","href":"https:\/\/api.w.org\/{rel}","templated":true}]}}